mmon factor of 41448 and 30?
6
What is the highest common divisor of 469 and 511?
7
Calculate the greatest common divisor of 11 and 7285927.
11
Calculate the highest common divisor of 1104 and 346196.
92
Calculate the highest common divisor of 4959 and 1159.
19
What is the greatest common divisor of 73212 and 90?
6
Calculate the highest common factor of 247 and 233818.
13
Calculate the highest common divisor of 3649 and 86686.
89
What is the highest common divisor of 6647 and 4646?
23
What is the greatest common divisor of 693 and 3366?
99
Calculate the greatest common divisor of 55700 and 6500.
100
Calculate the greatest common divisor of 31 and 68417.
31
Calculate the greatest common divisor of 16 and 60208.
16
What is the highest common divisor of 41265 and 2331?
63
Calculate the greatest common divisor of 549 and 1686711.
183
What is the highest common divisor of 58950 and 90?
90
Calculate the highest common factor of 10233 and 9504.
27
What is the greatest common divisor of 51 and 20397?
3
What is the greatest common divisor of 174056 and 8?
8
Calculate the highest common divisor of 968 and 404.
4
Calculate the greatest common divisor of 5762 and 4214.
86
Calculate the highest common factor of 6718 and 4.
2
Calculate the highest common factor of 160 and 4910.
10
What is the greatest common factor of 7 and 3046764?
7
What is the greatest common factor of 5495 and 245?
35
Calculate the highest common divisor of 505983 and 227.
227
Calculate the greatest common factor of 380440 and 200.
40
What is the highest common divisor of 850 and 5325?
25
Calculate the greatest common divisor of 24311 and 47173.
161
What is the greatest common divisor of 43 and 3880621?
43
What is the highest common divisor of 162 and 214479?
9
Calculate the highest common factor of 6176 and 18142.
386
What is the greatest common divisor of 135 and 322569?
27
What is the highest common factor of 1658905 and 25?
5
What is the greatest common divisor of 18389 and 22792?
259
Calculate the greatest common divisor of 49541 and 4167.
463
Calculate the highest common factor of 1034 and 4277.
47
Calculate the greatest common factor of 90 and 2953590.
30
What is the highest common divisor of 1083 and 2622?
57
Calculate the greatest common factor of 59189 and 130.
13
Calculate the greatest common divisor of 205 and 5080.
5
Calculate the highest common factor of 428 and 136.
4
What is the greatest common divisor of 44745 and 2280?
285
What is the greatest common factor of 5085 and 288?
9
What is the highest common factor of 33663 and 63?
21
Calculate the greatest common factor of 150 and 54200.
50
What is the greatest common divisor of 43862 and 2651?
241
What is the greatest common factor of 39150 and 169911?
783
Calculate the highest common divisor of 513145 and 5.
5
Calculate the greatest common divisor of 30917 and 81247.
719
Calculate the highest common divisor of 282080 and 5740.
820
What is the highest common divisor of 11 and 75779?
11
What is the highest common factor of 1633 and 127658?
71
Calculate the highest common divisor of 31869 and 63.
9
Calculate the highest common factor of 48 and 766200.
24
Calculate the highest common divisor of 3087 and 6111.
63
What is the highest common divisor of 1475877 and 205?
41
What is the highest common factor of 648 and 1048?
8
What is the highest common divisor of 155 and 26009?
31
Calculate the greatest common divisor of 2117 and 45771.
73
What is the highest common factor of 81552 and 64?
16
Calculate the greatest common factor of 312 and 1176.
24
What is the greatest common divisor of 448 and 294028?
28
Calculate the highest common divisor of 12132 and 396.
36
Calculate the greatest common factor of 2940 and 149156.
196
Calculate the highest common factor of 41800 and 2926.
418
Calculate the greatest common divisor of 21 and 1569.
3
What is the highest common factor of 4 and 318016?
4
Calculate the greatest common factor of 5360 and 5.
5
What is the highest common factor of 31947 and 3243?
69
Calculate the highest common divisor of 4484 and 22762.
38
What is the greatest common factor of 169656 and 84?
12
Calculate the highest common factor of 9 and 34014.
3
Calculate the highest common divisor of 56 and 3446.
2
Calculate the highest common factor of 89133 and 1551.
33
Calculate the greatest common divisor of 4814 and 6391.
83
Calculate the highest common divisor of 882 and 28098.
126
What is the greatest common divisor of 4465 and 9215?
95
What is the greatest common factor of 63121 and 25568?
799
Calculate the greatest common factor of 4320 and 928.
32
Calculate the greatest common factor of 5 and 1021395.
5
What is the highest common divisor of 41472 and 810?
162
Calculate the greatest common divisor of 171717 and 74.
37
What is the greatest common factor of 496 and 7536?
16
What is the highest common factor of 68828 and 52?
4
What is the greatest common divisor of 1581 and 10965?
51
Calculate the highest common factor of 10766 and 182.
14
What is the greatest common divisor of 1615505 and 5?
5
What is the highest common factor of 1239 and 12213?
177
Calculate the greatest common factor of 41780 and 580.
20
Calculate the highest common divisor of 275 and 827325.
25
What is the greatest common factor of 544967 and 593?
593
Calculate the highest common divisor of 24 and 326388.
12
What is the greatest common divisor of 144 and 260016?
48
Calculate the greatest common factor of 2125 and 133994.
17
What is the highest common divisor of 32955 and 8190?
195
Calculate the greatest common divisor of 215254 and 13.
13
What is the greatest common factor of 85960 and 2380?
140
Calculate the highest common factor of 40 and 10040.
40
What is the highest common factor of 42 and 1278?
6
Calculate the greatest common factor of 2409 and 75273.
33
Calculate the greatest common divisor of 31039 and 11.
1
Calculate the greatest common divisor of 39 and 32253.
39
Calculate the greatest common divisor of 6463 and 1679.
23
Calculate the highest common divisor of 1116 and 31124.
124
Calculate the highest common factor of 7 and 9443.
7
What is the highest common divisor of 16176 and 23253?
1011
Calculate the highest common divisor of 1185444 and 272.
68
What is the greatest common divisor of 25060 and 161?
7
Calculate the highest common divisor of 1215 and 7785.
45
Calculate the greatest common divisor of 98 and 46634.
14
What is the greatest common divisor of 66405 and 30?
15
Calculate the greatest common factor of 5400 and 520000.
200
What is the greatest common factor of 2034442 and 10810?
2162
What is the greatest common factor of 76 and 183692?
76
Calculate the greatest common divisor of 459 and 19575.
27
Calculate the highest common factor of 272454 and 336.
42
Calculate the highest common factor of 128063 and 91.
13
What is the greatest common divisor of 3564 and 1023?
33
What is the greatest common divisor of 128768 and 7680?
256
What is the highest common divisor of 28 and 1441860?
28
What is the greatest common factor of 41396 and 1310?
262
What is the highest common factor of 59292 and 1281?
183
What is the greatest common divisor of 80 and 693136?
16
Calculate the greatest common divisor of 378 and 35082.
18
Calculate the highest common factor of 20384 and 3380.
52
Calculate the highest common factor of 2239 and 343.
1
Calculate the greatest common divisor of 4344 and 288.
24
What is the highest common factor of 12502 and 14098?
266
Calculate the highest common divisor of 235998 and 126.
126
Calculate the highest common factor of 280 and 59850.
70
What is the greatest common divisor of 21 and 706517?
7
Calculate the highest common divisor of 14197920 and 12.
12
What is the greatest common factor of 620602 and 102?
34
Calculate the highest common divisor of 196451 and 1661.
151
What is the greatest common divisor of 3311 and 8855?
77
What is the greatest common factor of 846 and 16029?
9
Calculate the greatest common factor of 506256 and 2985.
597
What is the greatest common divisor of 4830 and 597030?
210
Calculate the greatest common factor of 397350 and 20.
10
Calculate the highest common factor of 22929 and 3.
3
Calculate the highest common factor of 1545376 and 56.
56
What is the greatest common divisor of 4699 and 3071?
37
What 